 - 1917, 5*x + 2*n - 2402 = 0. What is the highest common factor of x and v?
20
Let x be (9/(-6)*-2)/((-1)/(-8)). Let z = 423 + -255. Calculate the greatest common factor of x and z.
24
Suppose -86*a + 5652 = 62*a + 1212. Calculate the highest common factor of 7810 and a.
10
Let j be 3/9*-15*1. Let b be ((-2)/(-3))/(1376/276 + j). Let w = b + 54. What is the greatest common factor of w and 12?
4
Suppose 7*k = 164 + 662. Suppose -241 = -4*a + 5*x, 5*a - 298 = -7*x + 10*x. Calculate the greatest common divisor of k and a.
59
Let c(m) = -8*m + 877. Let a be c(94). Calculate the highest common divisor of 975 and a.
25
Suppose 28*r - 3608 = 676. Let u = -109 + r. Calculate the highest common divisor of u and 55.
11
Let w be (256/160)/(-1 + (-54)/(-50)). Let y = -114 + w. Let j = 25 - y. Calculate the greatest common factor of j and 34.
17
Let j(v) = -v**3 + 17*v**2 + 14*v - 10. Let h be j(17). Let a = h + -212. Calculate the highest common divisor of a and 24.
8
Let w(l) = l**2 - 3*l + 6. Let h be w(0). Suppose h*y = y + 2035. Calculate the greatest common factor of 37 and y.
37
Suppose c - 4*o = -3*o + 81, 4*c - 5*o = 328. What is the greatest common factor of c and 869?
11
Let c = -176 - -179. Suppose -c*s = 45*s - 7920. What is the highest common divisor of 45 and s?
15
Suppose -144*r + 201*r - 122*r = -392080. What is the highest common divisor of 312 and r?
104
Let f(o) = 13*o + 175. Let g be f(-5). Let b = 125 - g. Calculate the highest common factor of b and 195.
15
Suppose 374 = 7*u - 4*u - 2*m, -3*u + 368 = -5*m. Suppose -367*o - 8279 = -34703. Calculate the highest common factor of o and u.
18
Let n(l) = 4*l**3 - 5*l**3 + 21 - 10*l**2 + 3*l**2 + l**2 + 7*l. Let r be n(-7). What is the highest common factor of 6 and r?
3
Suppose -47 - 38 = -5*t. Suppose -7*x + 11 = -t. Suppose -9*p + x*p + 5*h + 75 = 0, 33 = 2*p + h. Calculate the greatest common divisor of 64 and p.
16
Let o be (2/(-3))/((-3)/18). Suppose 16 = r - 0*q - q, o*r - 2*q - 74 = 0. Let s = -200 + 207. Calculate the greatest common factor of r and s.
7
Let h(a) = -2*a + 34. Let n be h(12). Suppose -41 - 9 = -n*y. What is the highest common factor of y and 5?
5
Suppose 0 = s + 3*o + 739, 0 = 2*s + 6*o - 2*o + 1474. Let v = s + 749. Calculate the highest common factor of v and 296.
8
Suppose 232178 = 96*w - 81*w + 9098. What is the greatest common factor of 169 and w?
169
Let s(a) = -a**2 + 5*a - 6. Let u be s(2). Suppose k - 2*n = 8, u*n = 4*k + 5*n - 45. What is the highest common factor of 430 and k?
10
Let f(i) = 163*i + 38349. Let g be f(-235). Let n be ((-275)/(-3))/((-4)/(-12)). What is the greatest common factor of g and n?
11
Suppose -m = h - 1053, -5*h = -4*m - 0*h + 4167. Let y be 3/(4 + (-203)/56). What is the greatest common divisor of y and m?
8
Suppose -4*n + 12 = -0. Suppose -5*l + t + 2332 = 0, -1408 = -2*l - l + 5*t. Suppose -26*v + l = -80. What is the highest common factor of v and n?
3
Suppose -33*d + 4160 = 19*d. Suppose -3*u - 54 = 2*k - 14, -3*k - 3*u - 54 = 0. Let m = -6 - k. Calculate the greatest common divisor of d and m.
8
Let c = -1872 - -1810. Suppose 5*g - 324 = 2*o + 4*g, 0 = -4*o + 4*g - 648. Let h = c - o. Calculate the highest common divisor of 20 and h.
20
Suppose -5*d + 6*d - 13 = -2*g, -8 = 4*g. Suppose -d = 6*z - 8*z + k, -20 = 4*k. What is the greatest common divisor of 36 and z?
6
Let j(o) = -o**2 - 16*o + 24. Let x be j(-17). Suppose 3*t - x = 23. Calculate the highest common factor of 230 and t.
10
Let p(c) = 191*c + 2426. Let m be p(-10). What is the highest common divisor of m and 96?
12
Let j be (-5)/7 - -1 - (-10120)/154. Let a = j + -12. Let w be 3 - 1 - 8/(-2). What is the greatest common factor of w and a?
6
Let h(y) = -49*y + 114*y - 22 + 98*y - 38*y + 176*y. Let x be h(2). Calculate the greatest common divisor of x and 20.
20
Let i be (6075/125 + -27)/(2/10). Calculate the highest common divisor of 116 and i.
4
Let g be (96 - 90) + (2 - -227). Suppose -2*f + 11*a + 30 = 6*a, -5*f + 37 = -3*a. Calculate the highest common divisor of f and g.
5
Let r(w) = 2*w**3 + 5*w**2 - 17*w - 174. Let h be r(9). What is the highest common factor of h and 144?
48
Let v = 24 - -172. What is the highest common divisor of 10388 and v?
196
Let t(z) = -65*z + 2. Let x be t(-2). Suppose 0 = 2*v - 10 - 0. Suppose -13 = -i - 4*r + 11, r + 57 = v*i. What is the greatest common factor of x and i?
12
Let h = 15 + -10. Suppose -3*p = z - 0*p - 10, 3*p = h*z + 4. Let y(k) = 3*k**2 - 9*k + 5. Let c be y(3). Calculate the greatest common factor of c and z.
1
Let o(t) = t**3 + 12*t**2 + 10*t - 23. Let c be o(-10). Suppose 161*d - 759 = 138*d. Calculate the highest common factor of c and d.
11
Let i = 1721 + 1779. Suppose -i = -7*k - 3*k. Suppose 4*l = 6*l - k. What is the highest common divisor of 70 and l?
35
Let r(c) = 367*c + 4410. Let m be r(-7). Calculate the greatest common divisor of m and 7.
7
Let d be (-74)/(-9) - (203/63 + -3). What is the greatest common divisor of 14 and d?
2
Let n be 7404/(-75)*(-5)/2 + 356/(-445). Calculate the highest common divisor of 16851 and n.
123
Let d(q) = -q**2 - 27*q + 4. Let k be d(-6). Suppose -374*i = -368*i - 60. Calculate the highest common factor of k and i.
10
Let v be (-13216)/70*2/(12/(-30)). Calculate the highest common divisor of v and 1062.
118
Let f(p) = -2*p**3 - 2*p**2 - 395*p - 1182. Let v be f(-3). Let o be 315/12 + (-2)/8. What is the highest common divisor of v and o?
13
Suppose 21*w - 25*w - 72 = 0. Let n be (-120)/20*-3*(-92)/w. Calculate the greatest common factor of 644 and n.
92
Let k = -159 + 163. Suppose -28 = -k*z + 2*z. What is the greatest common factor of 42 and z?
14
Let a(z) = z**3 + 14*z**2 + 8*z + 11. Let m be a(-11). Let d = -205 + 143. Let x = d - -88. What is the highest common factor of x and m?
26
Let x be (-261)/(-15) - (-2)/(-5). Let v = x + -9. Suppose 9*k = v*k + 77. What is the highest common divisor of k and 7?
7
Let x = -999 - -1403. Let c be x + 2 + -4 + (1 - 0). What is the highest common divisor of c and 62?
31
Let l(w) = 15 - w + 8*w + 20 - 3*w. Let q be l(0). Let u = -92 + 162. Calculate the highest common divisor of q and u.
35
Let p = -4108 - -12523. What is the highest common divisor of p and 45?
45
Let c(i) = 2*i**3 - 27*i**2 - 10*i - 12. Let s be c(14). Suppose -66 = -47*q + s*q. Calculate the greatest common divisor of q and 198.
22
Let o be (4 - -149) + (0 - -1). Let t be 899/(-31) + 0 + 43. What is the highest common divisor of t and o?
14
Suppose -1500 = -2*h + g, -94 - 666 = -h + 3*g. Let v = 818 - h. Calculate the highest common factor of 238 and v.
14
Let d = -43 - -46. Let z be (-22)/55 + (-602)/(-5). Suppose -2*w + 132 = z. What is the greatest common divisor of d and w?
3
Let h(a) = -2*a + 283. Let m be h(0). Let q = -143 + m. Let z = 437 + -423. Calculate the highest common factor of z and q.
14
Suppose 121*n - 11419 = -4159. What is the greatest common divisor of 540 and n?
60
Let p be 172 + (-1012)/(-644) + 6/14. What is the greatest common divisor of p and 1798?
58
Suppose 0 = 211*y - 214*y - 6. Let l(d) = -4*d**3 - 3*d**2 + 2*d - 1. Let m be l(y). What is the highest common factor of m and 10?
5
Let r(k) = k**3 + 11*k**2 + 2*k + 17. Let t be r(-11). Let i be (t + 6)/(3/117) - 3. Calculate the highest common factor of 12 and i.
12
Let w be ((-40)/(-48))/(1/6)*14. Let f = -68 + w. Suppose -s + f*s = -5*m + 314, 0 = s + 1. What is the greatest common factor of 7 and m?
7
Suppose 19*i - 22*i - 2*z + 100436 = 0, 0 = 5*z + 10. Calculate the highest common divisor of 120 and i.
120
Let r(m) = 9*m**2 + 3. Let t be r(-3). Suppose -119*c + 36*c = 50*c - 16758. Calculate the greatest common factor of c and t.
42
Let a be (-561 + 4)/((-10)/12)*30. Let v be a/126 + (-2)/14. Let w be v/15 - 6/10. Calculate the greatest common factor of w and 90.
10
Let q(m) = 4*m**2 - 15*m - 3. Let v be q(7). Let j = v + 43. Suppose 4*z + j = 323. Calculate the highest common divisor of z and 240.
48
Let w(v) = 211*v + 875. Let z be w(-4). What is the greatest common divisor of 4867 and z?
31
Let u = 287 + -275. Suppose 3*h - u = -0, -2*k + 154 = -4*h. What is the highest common divisor of 51 and k?
17
Suppose -55*f - 62 = -3*d - 57*f, 4*f - 4 = 0. What is the greatest common